Suppose -38 = 2*s + 5*j, -4*j - 61 = -s + 6*s. Let b be (6 - (-84)/s)*63/(-3). What is the highest common divisor of b and 385?
35
Suppose 0 = -41*x + 47*x + 192. Let i be ((-124)/(-16))/((-4)/x). What is the highest common divisor of i and 124?
62
Let k be (-63)/(-105) + (-2)/(-5). Calculate the greatest common factor of 2741 and k.
1
Let n be (-132)/(-440) + 474/20. Let x(i) = i**2 + 42*i - 154. Let c be x(n). Calculate the greatest common divisor of c and 65.
65
Suppose -5*g + 4*o = -21637, -16*g - o = -13*g - 12955. Calculate the greatest common divisor of 58 and g.
29
Let k(q) = -4*q**3 - 106*q**2 + 163*q - 74. Let m be k(-28). Calculate the highest common divisor of 6501 and m.
33
Let a(l) = l**3 - 24*l**2 + 62*l + 37. Let i be a(17). Let x = i - -2024. What is the highest common factor of x and 12?
12
Let h = -8 - -13. Let g(a) = -a**3 + 17*a**2 - 27*a - 49. Let r be g(15). Let j = r + h. What is the greatest common factor of j and 8?
1
Let q = -4 + -2. Let w = 8 - q. Let l be (-19830)/(-150) + (-7 - -1) + (-4)/20. What is the greatest common divisor of w and l?
14
Let j be ((1 - 0) + -46)*-1. Let p(l) = 2*l + 92. Let m be p(-37). What is the greatest common divisor of m and j?
9
Let c = -1977 - -3884. Suppose 5*p - 2*o = c + 1758, -5*o - 2180 = -3*p. What is the greatest common divisor of 15 and p?
15
Suppose h + 3 = -2, -2*j - 2*h = -16. Let p = 43 - j. Calculate the greatest common factor of p and 75.
15
Let w be 1 + (642/2 - 0 - (-12 + 10)). What is the highest common divisor of 4968 and w?
108
Let b(f) = 5*f**2 + 615*f + 456. Let k be b(-129). What is the highest common factor of 14 and k?
14
Suppose 2*u + 2*u - 900 = 0. Let a be (-114 + 85172/749)/(2/(-63)). What is the highest common divisor of a and u?
9
Let u(a) = -12 - 21 + 4 + 3 - 26*a + 2*a**2. Let p be u(25). Calculate the greatest common divisor of 14 and p.
14
Let u(o) be the third derivative of -o**5/60 - 3*o**4/4 - o**3/3 - 50*o**2. Let m be u(-6). Let j = m + -34. What is the greatest common factor of j and 12?
12
Let u(i) = -21*i + 4. Let s be u(-3). Suppose s = 5*p + 2*x + 231, 4*p + x = -130. Let q = 12 - p. What is the highest common factor of q and 110?
22
Let j be (-1 + 6)/(5/6) + 5. Let u = 2 + j. Calculate the greatest common factor of u and 39.
13
Let i = -21617 - -29983. What is the highest common factor of i and 94?
94
Let v be ((-19629)/2268 + (-2)/21)*-16. Calculate the highest common factor of v and 210.
70
Suppose -4*j - 44 = -2*j. Let g = j - -27. Let v = -3 + g. Calculate the highest common divisor of 14 and v.
2
Suppose -4*r - 537 = -5*w, -5*w - 615 = -3*r + 8*r. Let i = r - -392. Calculate the highest common factor of i and 24.
24
Suppose -392*u + 49193 = -128455 + 42016. Calculate the greatest common factor of 10899 and u.
173
Suppose -5*n - 2366 - 1339 = 0. Let p = n - -1061. What is the highest common factor of 10 and p?
10
Let t = -4580 - -5161. What is the highest common divisor of t and 1411?
83
Let s be (-2)/4 - (10 - 815/10). Calculate the greatest common divisor of s and 4.
1
Let m be 105/10*4/6. Let p = m + -3. Suppose 0 = p*d - d - 5*k - 29, 3*k = -4*d + 87. What is the highest common factor of d and 144?
18
Suppose 2*x + 2*x = 0. Suppose 3*m - 5*l - 98 = x, -m = -0*m + 2*l - 29. Suppose 0 = 2*p - m - 25. What is the highest common divisor of 140 and p?
28
Suppose 0*n - 34552 = -3*n + 5*a, -6*n - 5*a + 69164 = 0. What is the greatest common divisor of 172 and n?
172
Suppose 14*z + 13 = 41. Suppose -99 + 259 = z*d + 5*a, 5*d - 5*a = 365. Calculate the highest common factor of 100 and d.
25
Suppose -5*d + 73 = p, -4*d = -3*p + 5*p - 56. Let s(x) = 2*x**2 - 45*x + 255. Let i be s(9). What is the highest common factor of d and i?
3
Let d be 6 - 2/(-5)*(-60)/8. Suppose -2*u = d*y + y - 14, 35 = 4*y - 5*u. What is the highest common factor of 40 and y?
5
Let v = 22382 - 8430. Calculate the greatest common divisor of 109 and v.
109
Let q = -19 + 16. Let i be (-1)/(-2)*(-7 - q). Let b be 3/(76/(-44) - i). Calculate the highest common factor of 99 and b.
11
Suppose -c - c + 3*n + 687 = 0, -c + 4*n + 346 = 0. Suppose 0 = 6*r - 12*r - c. Let l = r + 93. What is the greatest common factor of 36 and l?
36
Let u = 512 + -473. Suppose 3513 + 309 = u*c. Calculate the highest common divisor of 112 and c.
14
Let g be -101 - (-4)/(-3)*(-18)/(-4). Let p(u) = 119*u**3 + u**2 - u. Let j be p(1). Let s = g + j. What is the greatest common divisor of 15 and s?
3
Let l = -24960 - -26468. What is the greatest common divisor of l and 52?
52
Let o = -249 - -261. Let m be ((-130)/4)/((-6)/o). Calculate the greatest common factor of 65 and m.
65
Let y(c) = 8 - 20 - 7*c - 8. Let a be y(-8). Let l = 38 - a. What is the greatest common factor of l and 8?
2
Let v(o) = -5*o + 45. Let y be v(-4). Suppose 4*s + 5*b = -0*b - 115, -5*b = s + 40. Let j = s - -51. Calculate the greatest common factor of j and y.
13
Let r = 31 + 32. Let c(j) = 53*j + 3696. Let p be c(-63). What is the highest common divisor of p and r?
21
Suppose 52*s - 3322 = 10822. What is the highest common divisor of s and 187?
17
Let n = 277 - 192. Let i(g) = g + 2. Let h be i(3). Suppose -h*r + 2*s = -n, r - 3*s - 17 = -0*s. Calculate the highest common divisor of r and 187.
17
Suppose -5*m = -f - 1719, -20*f = 3*m - 15*f - 1065. Let x be ((-17)/(-2) - 1)*2. Calculate the highest common factor of m and x.
15
Suppose -q = -3*l + 37, -5*q - 12 = 8. Suppose l*d + 17 - 1249 = 0. Calculate the greatest common factor of 56 and d.
56
Let g(s) = -s**3 - 7*s**2 + 4*s + 70. Let b be g(-4). What is the highest common factor of 9066 and b?
6
Let l = -3551 + 3645. Calculate the greatest common divisor of l and 1081.
47
Let r(l) = l**3 + 10*l**2 + l + 18. Let d be r(-9). Suppose -d = 4*y - 9*y. Let o be y/(-1)*12/(-36). What is the highest common factor of o and 30?
6
Let z(x) = x**3 - 18*x**2 + 18*x + 31. Suppose 301*t = 299*t + 34. Let d be z(t). What is the greatest common factor of d and 24?
24
Suppose -26613 = -n + 3*r, -79819 = -3*n - 79*r + 84*r. Calculate the greatest common factor of 99 and n.
33
Let p(x) = -445*x - 1779. Let k be p(-4). Suppose 0 = 3*j - 70 - 71. Calculate the highest common divisor of j and k.
1
Let k be 2/4*(-9)/(36/(-112)). Suppose -r - 4 = -4*a, a - 6 = 9*r - 10*r. What is the greatest common factor of r and k?
2
Suppose 0 = -2*i - 2*t - 22, -4*i + 3*t = 8 + 8. Let z be ((-74)/(-5) - -1) + i/(-35). Let h = -1 + 41. Calculate the highest common factor of h and z.
8
Suppose 0 = 48*y - 37531 - 10325. Let h = y + -857. What is the greatest common factor of 40 and h?
20
Let x(h) = 17*h**2 + 177*h + 53. Let f(z) = -4*z**2 - 44*z - 13. Let y(j) = 9*f(j) + 2*x(j). Let u be y(-19). Calculate the greatest common divisor of u and 13.
13
Let g(k) = 2*k**3 - 46*k + 208. Let a be g(5). Calculate the greatest common divisor of a and 16.
4
Suppose -2*v - 2*v + 120 = 0. Let f be 8 + (-6 + -4 - -12). Calculate the highest common factor of v and f.
10
Let b be (-2)/(-3)*-2*3. Let n(m) = m**3 + 13*m**2 + 21*m - 76. Let y be n(-10). Let r = b + y. Calculate the greatest common factor of r and 30.
10
Suppose 75466 = 61*g - 73984. What is the greatest common factor of 12950 and g?
350
Suppose -21307 = 25*c - 45825 - 47807. What is the greatest common divisor of c and 88?
11
Suppose z = -5*a - 17, 5*a = -4*z + 41 - 34. Calculate the greatest common divisor of 512 and z.
8
Suppose -c - 3*a - 8 = 0, 2*c - 16 = c + 5*a. Suppose -17 - c = -6*q. Suppose q*l - 60 = -3*l. Calculate the highest common factor of l and 5.
5
Suppose 8*p + 1236 = 14*p. Let n = p + -200. What is the greatest common factor of 21 and n?
3
Suppose -12 = -8*w + 4*w. Suppose 5*f = 3*g + 22, w*f + 3*g + g = -10. Suppose 3*i - f = 16. Calculate the greatest common divisor of 2 and i.
2
Let f be (-53452)/(-56) - (18/24)/((-6)/20). What is the greatest common factor of 594 and f?
33
Let q = -138 - -220. Suppose -9*g = -5*g - 12. Suppose -g*v + 4*v = q. What is the greatest common factor of v and 123?
41
Let i(g) = -g**3 - 5*g**2 - 9*g - 4. Let m be i(-2). Suppose -7 - 147 = -m*d. Let t be 3/(-6) + (-23)/(-2). Calculate the highest common factor of t and d.
11
Let c be (-2)/(-36)*4 - (2 - 208/36). Let i(f) = -f**3 - 9*f**2 - 2*f + 8. Let v be i(-9).